 is the hundred thousands digit of 1369703?
3
What is the thousands digit of 13692422?
2
What is the tens digit of 16440?
4
What is the tens digit of 1684295?
9
What is the ten thousands digit of 15303593?
0
What is the ten thousands digit of 297033?
9
What is the hundreds digit of 1828381?
3
What is the tens digit of 1245958?
5
What is the thousands digit of 5060606?
0
What is the hundred thousands digit of 679562?
6
What is the units digit of 28355412?
2
What is the thousands digit of 747797?
7
What is the units digit of 50079?
9
What is the tens digit of 184257?
5
What is the millions digit of 1431358?
1
What is the ten thousands digit of 55353?
5
What is the thousands digit of 336221?
6
What is the ten thousands digit of 5226323?
2
What is the ten thousands digit of 899734?
9
What is the ten thousands digit of 240934?
4
What is the tens digit of 728536?
3
What is the ten thousands digit of 1138511?
3
What is the ten thousands digit of 136889?
3
What is the hundred thousands digit of 18562772?
5
What is the ten thousands digit of 5730082?
3
What is the units digit of 20685393?
3
What is the hundred thousands digit of 230914?
2
What is the units digit of 813016?
6
What is the thousands digit of 2613269?
3
What is the ten thousands digit of 973938?
7
What is the hundreds digit of 3880186?
1
What is the ten thousands digit of 868098?
6
What is the hundred thousands digit of 6467868?
4
What is the tens digit of 2893549?
4
What is the thousands digit of 7045898?
5
What is the tens digit of 28761952?
5
What is the units digit of 1348094?
4
What is the tens digit of 4831415?
1
What is the hundreds digit of 483740?
7
What is the thousands digit of 142994?
2
What is the hundreds digit of 1615263?
2
What is the hundreds digit of 2549732?
7
What is the hundreds digit of 520717?
7
What is the ten thousands digit of 331954?
3
What is the thousands digit of 3699988?
9
What is the hundred thousands digit of 340816?
3
What is the hundreds digit of 1476982?
9
What is the millions digit of 1566993?
1
What is the hundreds digit of 858866?
8
What is the tens digit of 5341330?
3
What is the thousands digit of 3330663?
0
What is the tens digit of 1726385?
8
What is the tens digit of 169565?
6
What is the units digit of 16266553?
3
What is the ten thousands digit of 317404?
1
What is the units digit of 568755?
5
What is the tens digit of 536057?
5
What is the hundred thousands digit of 3862908?
8
What is the thousands digit of 34849373?
9
What is the millions digit of 1038883?
1
What is the ten thousands digit of 165181?
6
What is the tens digit of 4104?
0
What is the millions digit of 1736722?
1
What is the tens digit of 114776?
7
What is the thousands digit of 227337?
7
What is the tens digit of 9669418?
1
What is the tens digit of 417231?
3
What is the hundred thousands digit of 1507793?
5
What is the hundred thousands digit of 218339?
2
What is the hundred thousands digit of 5280477?
2
What is the tens digit of 1254045?
4
What is the millions digit of 1075038?
1
What is the ten thousands digit of 323920?
2
What is the ten thousands digit of 1798092?
9
What is the tens digit of 64736?
3
What is the thousands digit of 162012?
2
What is the tens digit of 408093?
9
What is the ten thousands digit of 167088?
6
What is the ten thousands digit of 28206?
2
What is the thousands digit of 1874228?
4
What is the hundred thousands digit of 1389214?
3
What is the hundred thousands digit of 205009?
2
What is the hundred thousands digit of 190136?
1
What is the units digit of 1307793?
3
What is the tens digit of 5299503?
0
What is the hundred thousands digit of 3916354?
9
What is the thousands digit of 45252?
5
What is the hundreds digit of 106612?
6
What is the ten thousands digit of 12521?
1
What is the tens digit of 1583261?
6
What is the thousands digit of 213280?
3
What is the ten millions digit of 28667763?
2
What is the hundred thousands digit of 197539?
1
What is the ten thousands digit of 151532?
5
What is the units digit of 857489?
9
What is the ten thousands digit of 256722?
5
What is the tens digit of 22166443?
4
What is the hundred thousands digit of 2639869?
6
What is the units digit of 938284?
4
What is the millions digit of 1830128?
1
What is the ten millions digit of 15821954?
1
What is the ten millions digit of 10532854?
1
What is the units digit of 17121129?
9
What is the millions digit of 6688912?
6
What is the ten thousands digit of 723536?
2
What is the hundreds digit of 5889359?
3
What is the hundreds digit of 30509192?
1
What is the ten thousands digit of 340590?
4
What is the tens digit of 22095464?
6
What is the tens digit of 804017?
1
What is the units digit of 7388526?
6
What is the units digit of 528588?
8
What is the units digit of 1048161?
1
What is the hundreds digit of 1319298?
2
What is the thousands digit of 107428?
7
What is the tens digit of 321905?
0
What is the tens digit of 4609074?
7
What is the units digit of 3022739?
9
What is the hundreds digit of 1309575?
5
What is the thousands digit of 2643990?
3
What is the hundred thousands digit of 231805?
2
What is the hundred thousands digit of 183830?
1
What is the millions digit of 1853630?
1
What is the thousands digit of 9625990?
5
What is the millions digit of 7273732?
7
What is the hundreds digit of 14626?
6
What is the tens digit of 277970?
7
What is the tens digit of 538105?
0
What is the units digit of 393453?
3
What is the hundreds digit of 6428558?
5
What is the hundred thousands digit of 290181?
2
What is the hundreds digit of 257022?
0
What is the hundred thousands digit of 2266168?
2
What is the thousands digit of 9338702?
8
What is the tens digit of 9673660?
6
What is the units digit of 1071183?
3
What is the thousands digit of 451409?
1
What is the units digit of 3552817?
7
What is the thousands digit of 28810?
8
What is the hundred thousands digit of 1953683?
9
What is the units digit of 3494?
4
What is the units digit of 325090?
0
What is the thousands digit of 98369?
8
What is the tens digit of 3467731?
3
What is the hundred thousands digit of 519837?
5
What is the units digit of 53276?
6
What is the hundreds digit of 25851379?
3
What is the ten thousands digit of 3253587?
5
What is the units digit of 20355201?
1
What is the units digit of 54492?
2
What is the hundreds digit of 242983?
9
What is the millions digit of 1005898?
1
What is the hundreds digit of 4860824?
8
What is the tens digit of 2796094?
9
What is the hundred thousands digit of 12253718?
2
What is the thousands digit of 31793?
1
What is the tens digit of 336060?
6
What is the hundred thousands digit of 919901?
9
What is the ten thousands digit of 238180?
3
What is the thousands digit of 272262?
2
What is the tens digit of 2799738?
3
What is the ten thousands digit of 1339450?
3
What is the hundred thousands digit of 141266?
1
What is the ten thousands digit of 38603855?
0
What is the millions digit of 19696505?
9
What is the units digit of 321768?
8
What is the tens digit of 157764?
6
What is the hundreds digit of 20669679?
6
What is the hundreds digit of 2097648?
6
What is the units digit of 2678643?
3
What is the ten thousands digit of 82189?
8
What is the hundred thousands digit of 3264711?
2
What is the ten thousands digit of 21981728?
8
What is the thousands digit of 4319094?
9
What is the thousands digit of 7738214?
8
What is the thousands digit of 482872?
2
What is the tens digit of 75194?
9
What is the hundred thousands digit of 12656258?
6
What is the hundred thousands digit of 2075302?
0
What is the hundred thousands digit of 669276?
6
What is the hundred thousands digit of 569961?
5
What is the ten thousands digit of 1798955?
9
What is the hundred thousands digit of 4676160?
6
What is the units digit of 433838?
8
What is the hundred thousands digit of 3828866?
8
What is the hundreds digit of 725464?
4
What is the ten thousands digit of 4416058?
1
What is the hundred thousands digit of 358309?
3
What is the hundreds digit of 11789328?
3
What is the hundred thousands digit of 2389905?
3
What is the hundred thousands digit of 1021451?
0
What is the hundreds digit of 227421?
4
What is the thousands digit of 867579?
7
What is the thousands digit of 3909973?
9
What is the millions digit of 602921